{"id":8,"date":"2023-02-09T22:50:28","date_gmt":"2023-02-09T21:50:28","guid":{"rendered":"https:\/\/rokart.com.pl\/?page_id=8"},"modified":"2023-02-13T23:39:04","modified_gmt":"2023-02-13T22:39:04","slug":"home","status":"publish","type":"page","link":"https:\/\/rokart.com.pl\/","title":{"rendered":"Home"},"content":{"rendered":"\n<div class=\"wp-block-uagb-container uagb-block-ee4053b6 alignfull uagb-is-root-container\"><div class=\"uagb-container-inner-blocks-wrap\">\n<div class=\"wp-block-uagb-container uagb-block-7861adb5\">\n<div class=\"wp-block-uagb-info-box uagb-block-37c8c13a uagb-infobox__content-wrap  uagb-infobox-icon-above-title uagb-infobox-image-valign-top\" id=\"HISTORIA\"><div class=\"uagb-ifb-content\"><div class=\"uagb-ifb-icon-wrap\"><svg xmlns=\"https:\/\/www.w3.org\/2000\/svg\" viewBox=\"0 0 512 512\"><path d=\"M0 256C0 114.6 114.6 0 256 0C397.4 0 512 114.6 512 256C512 397.4 397.4 512 256 512C114.6 512 0 397.4 0 256zM371.8 211.8C382.7 200.9 382.7 183.1 371.8 172.2C360.9 161.3 343.1 161.3 332.2 172.2L224 280.4L179.8 236.2C168.9 225.3 151.1 225.3 140.2 236.2C129.3 247.1 129.3 264.9 140.2 275.8L204.2 339.8C215.1 350.7 232.9 350.7 243.8 339.8L371.8 211.8z\"><\/path><\/svg><\/div><div class=\"uagb-ifb-title-wrap\"><h3 class=\"uagb-ifb-title\"><strong>ROKART<\/strong><\/h3><\/div><p class=\"uagb-ifb-desc\">to firma kartograficzna, kt\u00f3ra zaczyna\u0142a swoj\u0105 dzia\u0142alno\u015b\u0107 w 1992 roku od wsp\u00f3\u0142pracy z \u00f3wczesnym polskim monopolist\u0105 na rynku kartograficznym \u2013 Polskim Przedsi\u0119biorstwem Wydawnictw Kartograficznych w Warszawie. W czasach, w kt\u00f3rych w domach i firmach pojawia\u0142y si\u0119 pierwsze PC-ty, sk\u0142adali\u015bmy mapy PPWK-i w tzw. systemie \u201efalkowskim\u201d. W naszej oprawie graficznej zyska\u0142y miano \u201erokart\u00f3wek\u201d . Mapy takie sta\u0142y si\u0119 r\u00f3wnie\u017c doskona\u0142ym no\u015bnikiem reklam, a specjalne nak\u0142ady zamawia\u0142y takie firmy jak PKO BP, Raiffeisen Bank, Mars International, <br>Polskie Ksi\u0105\u017cki Telefoniczne i inne.<\/p><\/div><\/div>\n<\/div>\n<\/div><\/div>\n\n\n\n<div class=\"wp-block-uagb-container uagb-block-12bef547 alignfull uagb-is-root-container\"><div class=\"uagb-container-inner-blocks-wrap\">\n<div class=\"wp-block-cover alignfull\" style=\"min-height:896px;aspect-ratio:unset;\"><span aria-hidden=\"true\" class=\"wp-block-cover__background has-ast-global-color-5-background-color has-background-dim-100 has-background-dim\"><\/span><div class=\"wp-block-cover__inner-container is-layout-flow wp-block-cover-is-layout-flow\">\n<div class=\"wp-block-media-text alignwide is-stacked-on-mobile is-vertically-aligned-center is-image-fill has-background\" style=\"background-color:#7bdbb533\"><figure class=\"wp-block-media-text__media\" style=\"background-image:url(https:\/\/rokart.com.pl\/wp-content\/uploads\/2023\/02\/mapa-rozmytac1200x600-1024x512-1.png);background-position:50% 50%\"><img loading=\"lazy\" decoding=\"async\" width=\"1024\" height=\"512\" src=\"https:\/\/rokart.com.pl\/wp-content\/uploads\/2023\/02\/mapa-rozmytac1200x600-1024x512-1.png\" alt=\"\" class=\"wp-image-45 size-full\" srcset=\"https:\/\/rokart.com.pl\/wp-content\/uploads\/2023\/02\/mapa-rozmytac1200x600-1024x512-1.png 1024w, https:\/\/rokart.com.pl\/wp-content\/uploads\/2023\/02\/mapa-rozmytac1200x600-1024x512-1-300x150.png 300w, https:\/\/rokart.com.pl\/wp-content\/uploads\/2023\/02\/mapa-rozmytac1200x600-1024x512-1-768x384.png 768w\" sizes=\"auto, (max-width: 1024px) 100vw, 1024px\" \/><\/figure><div class=\"wp-block-media-text__content\">\n<h2 class=\"wp-block-heading has-ast-global-color-0-color has-text-color\" style=\"font-size:32px\"><strong>GRAFIKA, KARTOGRAFIA<\/strong><\/h2>\n\n\n\n<p class=\"has-text-color\" style=\"color:#000000;font-size:17px\">W naszej ofercie znajdziecie wszelkie rodzaje map, zar\u00f3wno w tradycyjnej formie papierowej, jak i elektronicznej, na tablicach \u015bciennych czy konstrukcjach plenerowych.<\/p>\n\n\n\n<div class=\"wp-block-buttons is-layout-flex wp-block-buttons-is-layout-flex\">\n<div class=\"wp-block-button has-custom-width wp-block-button__width-75 is-style-fill\"><a class=\"wp-block-button__link has-light-green-cyan-background-color has-background wp-element-button\" href=\"https:\/\/rokart.com.pl\/index.php\/galeria\/\">Galeria<\/a><\/div>\n<\/div>\n<\/div><\/div>\n\n\n\n<div class=\"wp-block-media-text alignwide has-media-on-the-right is-stacked-on-mobile is-vertically-aligned-center is-image-fill has-background\" style=\"background-color:#7bdbb533\"><div class=\"wp-block-media-text__content\">\n<h2 class=\"wp-block-heading has-ast-global-color-0-color has-text-color\" style=\"font-size:32px\">FILM I FOTOGRAFIA LOTNICZA<\/h2>\n\n\n\n<p class=\"has-text-color\" style=\"color:#000000;font-size:17px\">to kolejna transformacja naszej firmy, kt\u00f3ra do tej pory pokazywa\u0142a \u015bwiat na mapach i przewodnikach. Oferujemy zdj\u0119cia i filmy z drona oraz fotografi\u0119 tradycyjn\u0105<\/p>\n\n\n\n<div class=\"wp-block-buttons is-layout-flex wp-block-buttons-is-layout-flex\">\n<div class=\"wp-block-button has-custom-width wp-block-button__width-75 is-style-fill\"><a class=\"wp-block-button__link has-light-green-cyan-background-color has-background wp-element-button\" href=\"https:\/\/rokart.com.pl\/index.php\/filmy\">Galeria<\/a><\/div>\n<\/div>\n<\/div><figure class=\"wp-block-media-text__media\" style=\"background-image:url(https:\/\/rokart.com.pl\/wp-content\/uploads\/2023\/02\/DJI_0173-1024x683.png);background-position:50% 50%\"><img loading=\"lazy\" decoding=\"async\" width=\"1024\" height=\"683\" src=\"https:\/\/rokart.com.pl\/wp-content\/uploads\/2023\/02\/DJI_0173-1024x683.png\" alt=\"\" class=\"wp-image-69 size-full\" srcset=\"https:\/\/rokart.com.pl\/wp-content\/uploads\/2023\/02\/DJI_0173-1024x683.png 1024w, https:\/\/rokart.com.pl\/wp-content\/uploads\/2023\/02\/DJI_0173-300x200.png 300w, https:\/\/rokart.com.pl\/wp-content\/uploads\/2023\/02\/DJI_0173-768x512.png 768w, https:\/\/rokart.com.pl\/wp-content\/uploads\/2023\/02\/DJI_0173.png 1368w\" sizes=\"auto, (max-width: 1024px) 100vw, 1024px\" \/><\/figure><\/div>\n\n\n\n<div class=\"wp-block-media-text alignwide is-stacked-on-mobile is-vertically-aligned-center is-image-fill has-background\" style=\"background-color:#7bdbb533\"><figure class=\"wp-block-media-text__media\" style=\"background-image:url(https:\/\/rokart.com.pl\/wp-content\/uploads\/2023\/02\/Panorama-10000-1024x287-2.jpg);background-position:50% 50%\"><img loading=\"lazy\" decoding=\"async\" width=\"1024\" height=\"287\" src=\"https:\/\/rokart.com.pl\/wp-content\/uploads\/2023\/02\/Panorama-10000-1024x287-2.jpg\" alt=\"\" class=\"wp-image-51 size-full\" srcset=\"https:\/\/rokart.com.pl\/wp-content\/uploads\/2023\/02\/Panorama-10000-1024x287-2.jpg 1024w, https:\/\/rokart.com.pl\/wp-content\/uploads\/2023\/02\/Panorama-10000-1024x287-2-300x84.jpg 300w, https:\/\/rokart.com.pl\/wp-content\/uploads\/2023\/02\/Panorama-10000-1024x287-2-768x215.jpg 768w\" sizes=\"auto, (max-width: 1024px) 100vw, 1024px\" \/><\/figure><div class=\"wp-block-media-text__content\">\n<h2 class=\"wp-block-heading has-ast-global-color-0-color has-text-color\" style=\"font-size:32px\">WIRTUALNE SPACERY, PANORAMY 360<\/h2>\n\n\n\n<p class=\"has-text-color\" style=\"color:#000000;font-size:17px\">to kolejna transformacja naszej firmy, kt\u00f3ra do tej pory pokazywa\u0142a \u015bwiat na mapach i przewodnikach. Oferujemy zdj\u0119cia i filmy z drona oraz fotografi\u0119 tradycyjn\u0105<\/p>\n\n\n\n<div class=\"wp-block-buttons is-layout-flex wp-block-buttons-is-layout-flex\">\n<div class=\"wp-block-button has-custom-width wp-block-button__width-75 is-style-fill\"><a class=\"wp-block-button__link has-light-green-cyan-background-color has-background wp-element-button\" href=\"https:\/\/rokart.com.pl\/index.php\/wirtualne-spacery\/\">Galeria<\/a><\/div>\n<\/div>\n<\/div><\/div>\n<\/div><\/div>\n<\/div><\/div>\n\n\n\n<div class=\"wp-block-uagb-container uagb-block-95c3b33d alignfull uagb-is-root-container\"><div class=\"uagb-container-inner-blocks-wrap\"><\/div><\/div>\n","protected":false},"excerpt":{"rendered":"","protected":false},"author":1,"featured_media":0,"parent":0,"menu_order":0,"comment_status":"closed","ping_status":"closed","template":"","meta":{"_uag_custom_page_level_css":"","site-sidebar-layout":"default","site-content-layout":"default","ast-global-header-display":"","ast-main-header-display":"","ast-hfb-above-header-display":"","ast-hfb-below-header-display":"","ast-hfb-mobile-header-display":"","site-post-title":"disabled","ast-breadcrumbs-content":"","ast-featured-img":"","footer-sml-layout":"","theme-transparent-header-meta":"disabled","adv-header-id-meta":"","stick-header-meta":"","header-above-stick-meta":"","header-main-stick-meta":"","header-below-stick-meta":"","footnotes":""},"class_list":["post-8","page","type-page","status-publish","hentry"],"uagb_featured_image_src":{"full":false,"thumbnail":false,"medium":false,"medium_large":false,"large":false,"1536x1536":false,"2048x2048":false},"uagb_author_info":{"display_name":"Roman58366","author_link":"https:\/\/rokart.com.pl\/index.php\/author\/roman58366\/"},"uagb_comment_info":0,"uagb_excerpt":null,"_links":{"self":[{"href":"https:\/\/rokart.com.pl\/index.php\/wp-json\/wp\/v2\/pages\/8","targetHints":{"allow":["GET"]}}],"collection":[{"href":"https:\/\/rokart.com.pl\/index.php\/wp-json\/wp\/v2\/pages"}],"about":[{"href":"https:\/\/rokart.com.pl\/index.php\/wp-json\/wp\/v2\/types\/page"}],"author":[{"embeddable":true,"href":"https:\/\/rokart.com.pl\/index.php\/wp-json\/wp\/v2\/users\/1"}],"replies":[{"embeddable":true,"href":"https:\/\/rokart.com.pl\/index.php\/wp-json\/wp\/v2\/comments?post=8"}],"version-history":[{"count":26,"href":"https:\/\/rokart.com.pl\/index.php\/wp-json\/wp\/v2\/pages\/8\/revisions"}],"predecessor-version":[{"id":123,"href":"https:\/\/rokart.com.pl\/index.php\/wp-json\/wp\/v2\/pages\/8\/revisions\/123"}],"wp:attachment":[{"href":"https:\/\/rokart.com.pl\/index.php\/wp-json\/wp\/v2\/media?parent=8"}],"curies":[{"name":"wp","href":"https:\/\/api.w.org\/{rel}","templated":true}]}}