{"id":137,"date":"2023-02-14T02:29:31","date_gmt":"2023-02-14T01:29:31","guid":{"rendered":"https:\/\/rokart.com.pl\/?page_id=137"},"modified":"2023-02-14T02:50:28","modified_gmt":"2023-02-14T01:50:28","slug":"137-2","status":"publish","type":"page","link":"https:\/\/rokart.com.pl\/index.php\/137-2\/","title":{"rendered":"Kontakt"},"content":{"rendered":"\n<div class=\"wp-block-uagb-container uagb-block-71e26614 alignfull uagb-is-root-container\"><div class=\"uagb-container-inner-blocks-wrap\">\n<div class=\"wp-block-uagb-container uagb-block-055617e7\">\n<div class=\"wp-block-uagb-info-box uagb-block-cdeec23b uagb-infobox__content-wrap  uagb-infobox-icon-above-title uagb-infobox-image-valign-top\"><div class=\"uagb-ifb-content\"><div class=\"uagb-ifb-title-wrap\"><h4 class=\"uagb-ifb-title\">Rokart System &#8211; Anna Radziwonowicz<\/h4><\/div><p class=\"uagb-ifb-desc\">ul.Sosnowa 8<br>rokart@rokart.com.pl<br>+48 509902300<\/p><\/div><\/div>\n<\/div>\n\n\n\n<div class=\"wp-block-uagb-container uagb-block-eac08e3b\">\n<div class=\"wp-block-uagb-google-map uagb-google-map__wrap uagb-block-86f0f1b8\"><iframe class=\"uagb-google-map__iframe\" title=\"Google Map for Sosnowa 8, Koszalin, Polska\" src=\"https:\/\/www.google.com\/maps\/embed\/v1\/place?key=AIzaSyAsd_d46higiozY-zNqtr7zdA81Soswje4&amp;q=Sosnowa%208,%20Koszalin,%20Polska&amp;zoom=12&amp;language=pl\" width=\"640\" height=\"500\" loading=\"lazy\"><\/iframe><\/div>\n<\/div>\n<\/div><\/div>\n\n\n\n<div class=\"wp-block-uagb-forms uagb-forms__outer-wrap uagb-block-02d1fa93 uagb-forms__medium-btn\"><form class=\"uagb-forms-main-form\" method=\"post\" autocomplete=\"on\" name=\"uagb-form-02d1fa93\">\n<div class=\"wp-block-uagb-forms-name uagb-forms-name-wrap uagb-forms-field-set uagb-block-dff44940\"><div class=\"uagb-forms-name-label required uagb-forms-input-label\" id=\"dff44940\">Imi\u0119 i nazwisko<\/div><input type=\"text\" placeholder=\"Jan Kowalski\" required class=\"uagb-forms-name-input uagb-forms-input\" name=\"dff44940\" autocomplete=\"name\"\/><\/div>\n\n\n\n<div class=\"wp-block-uagb-forms-email uagb-forms-email-wrap uagb-forms-field-set uagb-block-7b76f321\"><div class=\"uagb-forms-email-label  uagb-forms-input-label\" id=\"7b76f321\">Email<\/div><input type=\"email\" class=\"uagb-forms-email-input uagb-forms-input\" placeholder=\"example@mail.com\" name=\"7b76f321\" autocomplete=\"email\"\/><\/div>\n\n\n\n<div class=\"wp-block-uagb-forms-name uagb-forms-name-wrap uagb-forms-field-set uagb-block-3c555922\"><div class=\"uagb-forms-name-label required uagb-forms-input-label\" id=\"3c555922\">Temat<\/div><input type=\"text\" placeholder=\"Enter your subject\" required class=\"uagb-forms-name-input uagb-forms-input\" name=\"3c555922\" autocomplete=\"off\"\/><\/div>\n\n\n\n<div class=\"wp-block-uagb-forms-textarea uagb-forms-textarea-wrap uagb-forms-field-set uagb-block-54a65616\"><div class=\"uagb-forms-textarea-label required uagb-forms-input-label\" id=\"54a65616\">Wiadomo\u015b\u0107<\/div><textarea required class=\"uagb-forms-textarea-input uagb-forms-input\" rows=\"4\" placeholder=\"Enter your message\" name=\"54a65616\" autocomplete=\"off\"><\/textarea><\/div>\n<div class=\"uagb-forms-form-hidden-data\"><input type=\"hidden\" class=\"uagb_forms_form_label\" value=\"Spectra Form\"\/><input type=\"hidden\" class=\"uagb_forms_form_id\" value=\"uagb-form-02d1fa93\"\/><\/div><div class=\"uagb-form-reacaptcha-error-02d1fa93\"><\/div><div class=\"uagb-forms-main-submit-button-wrap wp-block-button\"><button class=\"uagb-forms-main-submit-button wp-block-button__link\"><div class=\"uagb-forms-main-submit-button-text\">Wy\u015blij<\/div><\/button><\/div><\/form><div class=\"uagb-forms-success-message-02d1fa93 uagb-forms-submit-message-hide\"><span>Formularz zosta\u0142 przes\u0142any pomy\u015blnie! Dzi\u0119kujemy.<\/span><\/div><div class=\"uagb-forms-failed-message-02d1fa93 uagb-forms-submit-message-hide\"><span>Podczas wysy\u0142ania formularza wyst\u0105pi\u0142 b\u0142\u0105d, prosz\u0119 zweryfikowa\u0107 wszystkie pola.<\/span><\/div><\/div>\n","protected":false},"excerpt":{"rendered":"","protected":false},"author":1,"featured_media":0,"parent":0,"menu_order":0,"comment_status":"closed","ping_status":"closed","template":"","meta":{"_uag_custom_page_level_css":"","site-sidebar-layout":"default","site-content-layout":"default","ast-global-header-display":"","ast-main-header-display":"","ast-hfb-above-header-display":"","ast-hfb-below-header-display":"","ast-hfb-mobile-header-display":"","site-post-title":"disabled","ast-breadcrumbs-content":"","ast-featured-img":"","footer-sml-layout":"","theme-transparent-header-meta":"","adv-header-id-meta":"","stick-header-meta":"","header-above-stick-meta":"","header-main-stick-meta":"","header-below-stick-meta":"","footnotes":""},"class_list":["post-137","page","type-page","status-publish","hentry"],"uagb_featured_image_src":{"full":false,"thumbnail":false,"medium":false,"medium_large":false,"large":false,"1536x1536":false,"2048x2048":false},"uagb_author_info":{"display_name":"Roman58366","author_link":"https:\/\/rokart.com.pl\/index.php\/author\/roman58366\/"},"uagb_comment_info":0,"uagb_excerpt":null,"_links":{"self":[{"href":"https:\/\/rokart.com.pl\/index.php\/wp-json\/wp\/v2\/pages\/137","targetHints":{"allow":["GET"]}}],"collection":[{"href":"https:\/\/rokart.com.pl\/index.php\/wp-json\/wp\/v2\/pages"}],"about":[{"href":"https:\/\/rokart.com.pl\/index.php\/wp-json\/wp\/v2\/types\/page"}],"author":[{"embeddable":true,"href":"https:\/\/rokart.com.pl\/index.php\/wp-json\/wp\/v2\/users\/1"}],"replies":[{"embeddable":true,"href":"https:\/\/rokart.com.pl\/index.php\/wp-json\/wp\/v2\/comments?post=137"}],"version-history":[{"count":5,"href":"https:\/\/rokart.com.pl\/index.php\/wp-json\/wp\/v2\/pages\/137\/revisions"}],"predecessor-version":[{"id":150,"href":"https:\/\/rokart.com.pl\/index.php\/wp-json\/wp\/v2\/pages\/137\/revisions\/150"}],"wp:attachment":[{"href":"https:\/\/rokart.com.pl\/index.php\/wp-json\/wp\/v2\/media?parent=137"}],"curies":[{"name":"wp","href":"https:\/\/api.w.org\/{rel}","templated":true}]}}